{"id":1014,"date":"2021-02-25T08:47:56","date_gmt":"2021-02-25T08:47:56","guid":{"rendered":"https:\/\/dezinsectiiprofesionale.ro\/?page_id=1014"},"modified":"2021-03-02T14:02:32","modified_gmt":"2021-03-02T14:02:32","slug":"icb-pharma","status":"publish","type":"page","link":"https:\/\/dezinsectiiprofesionale.ro\/index.php\/icb-pharma\/","title":{"rendered":"Produse ICB Pharma"},"content":{"rendered":"\t\t<div data-elementor-type=\"wp-page\" data-elementor-id=\"1014\" class=\"elementor elementor-1014\">\n\t\t\t\t\t\t<section class=\"elementor-section elementor-top-section elementor-element elementor-element-40c7c464 elementor-section-boxed elementor-section-height-default elementor-section-height-default\" data-id=\"40c7c464\" data-element_type=\"section\" data-e-type=\"section\">\n\t\t\t\t\t\t<div class=\"elementor-container elementor-column-gap-default\">\n\t\t\t\t\t<div class=\"elementor-column elementor-col-100 elementor-top-column elementor-element elementor-element-68e67bbb\" data-id=\"68e67bbb\" data-element_type=\"column\" data-e-type=\"column\">\n\t\t\t<div class=\"elementor-widget-wrap elementor-element-populated\">\n\t\t\t\t\t\t<div class=\"elementor-element elementor-element-18c303d elementor-widget elementor-widget-text-editor\" data-id=\"18c303d\" data-element_type=\"widget\" data-e-type=\"widget\" data-widget_type=\"text-editor.default\">\n\t\t\t\t<div class=\"elementor-widget-container\">\n\t\t\t\t\t\t\t\t\t<h3 style=\"text-align: center;\"><span style=\"color: #003366;\">ICB PHARMA POLONIA &#8211; PARTENER SERVICII PUBLICE<\/span><br \/><span style=\"color: #000000;\">Una dintre cele mai inovatoare companii chimice europene<\/span><\/h3>\t\t\t\t\t\t\t\t<\/div>\n\t\t\t\t<\/div>\n\t\t\t\t\t<\/div>\n\t\t<\/div>\n\t\t\t\t\t<\/div>\n\t\t<\/section>\n\t\t\t\t<section class=\"elementor-section elementor-top-section elementor-element elementor-element-b47f052 elementor-section-boxed elementor-section-height-default elementor-section-height-default\" data-id=\"b47f052\" data-element_type=\"section\" data-e-type=\"section\">\n\t\t\t\t\t\t<div class=\"elementor-container elementor-column-gap-default\">\n\t\t\t\t\t<div class=\"elementor-column elementor-col-100 elementor-top-column elementor-element elementor-element-6d75aa1\" data-id=\"6d75aa1\" data-element_type=\"column\" data-e-type=\"column\">\n\t\t\t<div class=\"elementor-widget-wrap elementor-element-populated\">\n\t\t\t\t\t\t<div class=\"elementor-element elementor-element-d75cb81 elementor-widget elementor-widget-image\" data-id=\"d75cb81\" data-element_type=\"widget\" data-e-type=\"widget\" data-widget_type=\"image.default\">\n\t\t\t\t<div class=\"elementor-widget-container\">\n\t\t\t\t\t\t\t\t\t\t\t\t\t\t\t<img fetchpriority=\"high\" decoding=\"async\" width=\"832\" height=\"359\" src=\"https:\/\/dezinsectiiprofesionale.ro\/wp-content\/uploads\/2021\/03\/icbpharma-office.jpg\" class=\"attachment-large size-large wp-image-1366\" alt=\"ICB Pharma HeadOffice\" srcset=\"https:\/\/dezinsectiiprofesionale.ro\/wp-content\/uploads\/2021\/03\/icbpharma-office.jpg 832w, https:\/\/dezinsectiiprofesionale.ro\/wp-content\/uploads\/2021\/03\/icbpharma-office-300x129.jpg 300w, https:\/\/dezinsectiiprofesionale.ro\/wp-content\/uploads\/2021\/03\/icbpharma-office-768x331.jpg 768w\" sizes=\"(max-width: 832px) 100vw, 832px\" \/>\t\t\t\t\t\t\t\t\t\t\t\t\t\t\t<\/div>\n\t\t\t\t<\/div>\n\t\t\t\t\t<\/div>\n\t\t<\/div>\n\t\t\t\t\t<\/div>\n\t\t<\/section>\n\t\t\t\t<section class=\"elementor-section elementor-top-section elementor-element elementor-element-448e611 elementor-section-boxed elementor-section-height-default elementor-section-height-default\" data-id=\"448e611\" data-element_type=\"section\" data-e-type=\"section\">\n\t\t\t\t\t\t<div class=\"elementor-container elementor-column-gap-default\">\n\t\t\t\t\t<div class=\"elementor-column elementor-col-100 elementor-top-column elementor-element elementor-element-a9a4654\" data-id=\"a9a4654\" data-element_type=\"column\" data-e-type=\"column\">\n\t\t\t<div class=\"elementor-widget-wrap elementor-element-populated\">\n\t\t\t\t\t\t<div class=\"elementor-element elementor-element-8e9898c elementor-widget elementor-widget-text-editor\" data-id=\"8e9898c\" data-element_type=\"widget\" data-e-type=\"widget\" data-widget_type=\"text-editor.default\">\n\t\t\t\t<div class=\"elementor-widget-container\">\n\t\t\t\t\t\t\t\t\t<span style=\"color: #003366;\"><strong>ICB Pharma<\/strong><\/span> este o companie poloneza care se ocupa de protejarea oamenilor si animalelor impotriva amenintarilor biologice, precum si de furnizarea de solutii agrochimice in situatii agricole si in cultivarea plantelor.\n<br><br>\nProdusele <span style=\"color: #003366;\"><strong>ICB Pharma<\/strong><\/span> sunt exemplul celor mai moderne solutii, in care cea mai mare eficacitate biologica este legata de minimizarea influentei nefavorabile asupra oamenilor si a mediului. In cazul produsele noastre se aplica incapsulari micro \u0219i nano prin tehnologiile originale si extrem de avansate.\n<br><br>\nCompania este o continuare a unei traditii familiale de lunga durata, initiata de profesorul <span style=\"color: #003366;\"><strong>Wojciech Alojzy \u015awi\u0119tos\u0142awski<\/strong><\/span>, care a fost, printre altele, profesor la Universitatea din Varsovia, Universitatea de Tehnologie din Varsovia si Institutul de Cercet\u0103ri Industriale Mellon din Pittsburgh. Este considerat unul dintre parintii termochimiei moderne si a introdus si implementat primul standard fizico-chimic international &#8211; acidul benzoic.<br>\t\t\t\t\t\t\t\t<\/div>\n\t\t\t\t<\/div>\n\t\t\t\t\t<\/div>\n\t\t<\/div>\n\t\t\t\t\t<\/div>\n\t\t<\/section>\n\t\t\t\t<section class=\"elementor-section elementor-top-section elementor-element elementor-element-c867aaa elementor-section-boxed elementor-section-height-default elementor-section-height-default\" data-id=\"c867aaa\" data-element_type=\"section\" data-e-type=\"section\">\n\t\t\t\t\t\t<div class=\"elementor-container elementor-column-gap-default\">\n\t\t\t\t\t<div class=\"elementor-column elementor-col-100 elementor-top-column elementor-element elementor-element-0e51d25\" data-id=\"0e51d25\" data-element_type=\"column\" data-e-type=\"column\">\n\t\t\t<div class=\"elementor-widget-wrap elementor-element-populated\">\n\t\t\t\t\t\t<div class=\"elementor-element elementor-element-720a0b6 elementor-widget elementor-widget-text-editor\" data-id=\"720a0b6\" data-element_type=\"widget\" data-e-type=\"widget\" data-widget_type=\"text-editor.default\">\n\t\t\t\t<div class=\"elementor-widget-container\">\n\t\t\t\t\t\t\t\t\t<p><strong>Activitatea companiei este impartita in 5 departamente principale:<\/strong><\/p><p><span style=\"color: #003366;\"><strong>\u2022<\/strong><\/span> Sanatate (protectia sanatatii umane)<br \/><span style=\"color: #003366;\"><strong>\u2022<\/strong><\/span> Sanatatea animalelor (protectia sanatatii animalelor)<br \/><span style=\"color: #003366;\"><strong>\u2022<\/strong><\/span> Inovatia daunatorilor (combaterea daunatorilor)<br \/><span style=\"color: #003366;\"><strong>\u2022<\/strong><\/span> Solutiile de cultura (solutii pentru agricultura si horticultura).<\/p><p>In domeniul protectiei sanatatii, <span style=\"color: #003366;\"><strong>ICB Pharma<\/strong><\/span> este renumita pentru solutii excelente si sigure in tratamentul pediculozei sau neutralizarea factorilor alergenici.<\/p><p>In domeniul igienei sanitare, introducerea de produse microincapsulate inovatoare, precum si solutiile originale in combaterea tantarilor a fost un adevarat punct de cotitura in sectorul combaterii daunatorilor. De asemenea, in cresterea animalelor, metoda non-chimica si sigura de control al ectoparazitilor pasarilor de curte a fost pusa in practica cu succes.<br \/><br \/>Compania detine infrastructura moderna de productie si depozite. Serviciile pe care le ofera sunt in conformitate cu cele mai inalte standarde organizationale prin utilizarea unor proceduri restrictive de control al calitatii si garanteaza o calitate inalta pentru produsele fabricate.<br \/><br \/><\/p>\t\t\t\t\t\t\t\t<\/div>\n\t\t\t\t<\/div>\n\t\t\t\t\t<\/div>\n\t\t<\/div>\n\t\t\t\t\t<\/div>\n\t\t<\/section>\n\t\t\t\t<section class=\"elementor-section elementor-top-section elementor-element elementor-element-79174f0b elementor-section-boxed elementor-section-height-default elementor-section-height-default\" data-id=\"79174f0b\" data-element_type=\"section\" data-e-type=\"section\">\n\t\t\t\t\t\t<div class=\"elementor-container elementor-column-gap-default\">\n\t\t\t\t\t<div class=\"elementor-column elementor-col-100 elementor-top-column elementor-element elementor-element-4123626e\" data-id=\"4123626e\" data-element_type=\"column\" data-e-type=\"column\">\n\t\t\t<div class=\"elementor-widget-wrap elementor-element-populated\">\n\t\t\t\t\t\t<div class=\"elementor-element elementor-element-4e261433 elementor-invisible elementor-widget elementor-widget-google_maps\" data-id=\"4e261433\" data-element_type=\"widget\" data-e-type=\"widget\" data-settings=\"{&quot;_animation&quot;:&quot;zoomIn&quot;}\" data-widget_type=\"google_maps.default\">\n\t\t\t\t<div class=\"elementor-widget-container\">\n\t\t\t\t\t\t\t<div class=\"elementor-custom-embed\">\n\t\t\t<iframe loading=\"lazy\"\n\t\t\t\t\tsrc=\"https:\/\/maps.google.com\/maps?q=Cluj-Napoca%2C%20Str.%20Albiei%2C%20Nr.4&#038;t=m&#038;z=10&#038;output=embed&#038;iwloc=near\"\n\t\t\t\t\ttitle=\"Cluj-Napoca, Str. Albiei, Nr.4\"\n\t\t\t\t\taria-label=\"Cluj-Napoca, Str. Albiei, Nr.4\"\n\t\t\t><\/iframe>\n\t\t<\/div>\n\t\t\t\t\t\t<\/div>\n\t\t\t\t<\/div>\n\t\t\t\t\t<\/div>\n\t\t<\/div>\n\t\t\t\t\t<\/div>\n\t\t<\/section>\n\t\t\t\t<section class=\"elementor-section elementor-top-section elementor-element elementor-element-737ab197 elementor-section-boxed elementor-section-height-default elementor-section-height-default\" data-id=\"737ab197\" data-element_type=\"section\" data-e-type=\"section\">\n\t\t\t\t\t\t<div class=\"elementor-container elementor-column-gap-default\">\n\t\t\t\t\t<div class=\"elementor-column elementor-col-100 elementor-top-column elementor-element elementor-element-65adea4f\" data-id=\"65adea4f\" data-element_type=\"column\" data-e-type=\"column\">\n\t\t\t<div class=\"elementor-widget-wrap elementor-element-populated\">\n\t\t\t\t\t\t<div class=\"elementor-element elementor-element-4a74cd0d elementor-widget elementor-widget-text-editor\" data-id=\"4a74cd0d\" data-element_type=\"widget\" data-e-type=\"widget\" data-widget_type=\"text-editor.default\">\n\t\t\t\t<div class=\"elementor-widget-container\">\n\t\t\t\t\t\t\t\t\t<p><strong>Servicii Publice S.A.<\/strong><br \/>Adresa: Str. Albiei, Nr.4, Cluj-Napoca, Cluj, Romania, 400633<br \/>Telefon: 0264 418 676 ;\u00a0 \u00a0Fax: 0264 413 777<br \/>E-mail: office@servicii-publice.ro<\/p>\t\t\t\t\t\t\t\t<\/div>\n\t\t\t\t<\/div>\n\t\t\t\t\t<\/div>\n\t\t<\/div>\n\t\t\t\t\t<\/div>\n\t\t<\/section>\n\t\t\t\t<\/div>\n\t\t","protected":false},"excerpt":{"rendered":"<p>ICB PHARMA POLONIA &#8211; PARTENER SERVICII PUBLICEUna dintre cele mai inovatoare companii chimice europene ICB Pharma este o companie poloneza care se ocupa de protejarea oamenilor si animalelor impotriva amenintarilor<\/p>\n<p class=\"more-link\"><a href=\"https:\/\/dezinsectiiprofesionale.ro\/index.php\/icb-pharma\/\" class=\"readmore\">Continue reading<svg class=\"icon icon-arrow-right\" aria-hidden=\"true\" role=\"img\"> <use href=\"#icon-arrow-right\" xlink:href=\"#icon-arrow-right\"><\/use> <\/svg><span class=\"screen-reader-text\">Produse ICB Pharma<\/span><\/a><\/p>\n","protected":false},"author":1,"featured_media":0,"parent":0,"menu_order":0,"comment_status":"closed","ping_status":"closed","template":"","meta":{"footnotes":""},"class_list":["post-1014","page","type-page","status-publish","hentry"],"yoast_head":"<!-- This site is optimized with the Yoast SEO plugin v27.3 - https:\/\/yoast.com\/product\/yoast-seo-wordpress\/ -->\n<title>Produse ICB Pharma - Dezinsectii Profesionale<\/title>\n<meta name=\"robots\" content=\"index, follow, max-snippet:-1, max-image-preview:large, max-video-preview:-1\" \/>\n<link rel=\"canonical\" href=\"https:\/\/dezinsectiiprofesionale.ro\/index.php\/icb-pharma\/\" \/>\n<meta property=\"og:locale\" content=\"en_US\" \/>\n<meta property=\"og:type\" content=\"article\" \/>\n<meta property=\"og:title\" content=\"Produse ICB Pharma - Dezinsectii Profesionale\" \/>\n<meta property=\"og:description\" content=\"ICB PHARMA POLONIA &#8211; PARTENER SERVICII PUBLICEUna dintre cele mai inovatoare companii chimice europene ICB Pharma este o companie poloneza care se ocupa de protejarea oamenilor si animalelor impotriva amenintarilorContinue reading Produse ICB Pharma\" \/>\n<meta property=\"og:url\" content=\"https:\/\/dezinsectiiprofesionale.ro\/index.php\/icb-pharma\/\" \/>\n<meta property=\"og:site_name\" content=\"Dezinsectii Profesionale\" \/>\n<meta property=\"article:modified_time\" content=\"2021-03-02T14:02:32+00:00\" \/>\n<meta property=\"og:image\" content=\"https:\/\/dezinsectiiprofesionale.ro\/wp-content\/uploads\/2021\/03\/icbpharma-office.jpg\" \/>\n<meta name=\"twitter:card\" content=\"summary_large_image\" \/>\n<meta name=\"twitter:label1\" content=\"Est. reading time\" \/>\n\t<meta name=\"twitter:data1\" content=\"2 minutes\" \/>\n<script type=\"application\/ld+json\" class=\"yoast-schema-graph\">{\"@context\":\"https:\\\/\\\/schema.org\",\"@graph\":[{\"@type\":\"WebPage\",\"@id\":\"https:\\\/\\\/dezinsectiiprofesionale.ro\\\/index.php\\\/icb-pharma\\\/\",\"url\":\"https:\\\/\\\/dezinsectiiprofesionale.ro\\\/index.php\\\/icb-pharma\\\/\",\"name\":\"Produse ICB Pharma - Dezinsectii Profesionale\",\"isPartOf\":{\"@id\":\"https:\\\/\\\/dezinsectiiprofesionale.ro\\\/#website\"},\"primaryImageOfPage\":{\"@id\":\"https:\\\/\\\/dezinsectiiprofesionale.ro\\\/index.php\\\/icb-pharma\\\/#primaryimage\"},\"image\":{\"@id\":\"https:\\\/\\\/dezinsectiiprofesionale.ro\\\/index.php\\\/icb-pharma\\\/#primaryimage\"},\"thumbnailUrl\":\"https:\\\/\\\/dezinsectiiprofesionale.ro\\\/wp-content\\\/uploads\\\/2021\\\/03\\\/icbpharma-office.jpg\",\"datePublished\":\"2021-02-25T08:47:56+00:00\",\"dateModified\":\"2021-03-02T14:02:32+00:00\",\"breadcrumb\":{\"@id\":\"https:\\\/\\\/dezinsectiiprofesionale.ro\\\/index.php\\\/icb-pharma\\\/#breadcrumb\"},\"inLanguage\":\"en-US\",\"potentialAction\":[{\"@type\":\"ReadAction\",\"target\":[\"https:\\\/\\\/dezinsectiiprofesionale.ro\\\/index.php\\\/icb-pharma\\\/\"]}]},{\"@type\":\"ImageObject\",\"inLanguage\":\"en-US\",\"@id\":\"https:\\\/\\\/dezinsectiiprofesionale.ro\\\/index.php\\\/icb-pharma\\\/#primaryimage\",\"url\":\"https:\\\/\\\/dezinsectiiprofesionale.ro\\\/wp-content\\\/uploads\\\/2021\\\/03\\\/icbpharma-office.jpg\",\"contentUrl\":\"https:\\\/\\\/dezinsectiiprofesionale.ro\\\/wp-content\\\/uploads\\\/2021\\\/03\\\/icbpharma-office.jpg\",\"width\":832,\"height\":359,\"caption\":\"ICB Pharma HeadOffice\"},{\"@type\":\"BreadcrumbList\",\"@id\":\"https:\\\/\\\/dezinsectiiprofesionale.ro\\\/index.php\\\/icb-pharma\\\/#breadcrumb\",\"itemListElement\":[{\"@type\":\"ListItem\",\"position\":1,\"name\":\"Home\",\"item\":\"https:\\\/\\\/dezinsectiiprofesionale.ro\\\/\"},{\"@type\":\"ListItem\",\"position\":2,\"name\":\"Produse ICB Pharma\"}]},{\"@type\":\"WebSite\",\"@id\":\"https:\\\/\\\/dezinsectiiprofesionale.ro\\\/#website\",\"url\":\"https:\\\/\\\/dezinsectiiprofesionale.ro\\\/\",\"name\":\"Dezinsectii Profesionale\",\"description\":\"Produse Profesionale - Servicii Profesionale\",\"publisher\":{\"@id\":\"https:\\\/\\\/dezinsectiiprofesionale.ro\\\/#organization\"},\"potentialAction\":[{\"@type\":\"SearchAction\",\"target\":{\"@type\":\"EntryPoint\",\"urlTemplate\":\"https:\\\/\\\/dezinsectiiprofesionale.ro\\\/?s={search_term_string}\"},\"query-input\":{\"@type\":\"PropertyValueSpecification\",\"valueRequired\":true,\"valueName\":\"search_term_string\"}}],\"inLanguage\":\"en-US\"},{\"@type\":\"Organization\",\"@id\":\"https:\\\/\\\/dezinsectiiprofesionale.ro\\\/#organization\",\"name\":\"Dezinsectii Profesionale\",\"url\":\"https:\\\/\\\/dezinsectiiprofesionale.ro\\\/\",\"logo\":{\"@type\":\"ImageObject\",\"inLanguage\":\"en-US\",\"@id\":\"https:\\\/\\\/dezinsectiiprofesionale.ro\\\/#\\\/schema\\\/logo\\\/image\\\/\",\"url\":\"https:\\\/\\\/dezinsectiiprofesionale.ro\\\/wp-content\\\/uploads\\\/2021\\\/02\\\/sigla-sericii-publice.png\",\"contentUrl\":\"https:\\\/\\\/dezinsectiiprofesionale.ro\\\/wp-content\\\/uploads\\\/2021\\\/02\\\/sigla-sericii-publice.png\",\"caption\":\"Dezinsectii Profesionale\"},\"image\":{\"@id\":\"https:\\\/\\\/dezinsectiiprofesionale.ro\\\/#\\\/schema\\\/logo\\\/image\\\/\"}}]}<\/script>\n<!-- \/ Yoast SEO plugin. -->","yoast_head_json":{"title":"Produse ICB Pharma - Dezinsectii Profesionale","robots":{"index":"index","follow":"follow","max-snippet":"max-snippet:-1","max-image-preview":"max-image-preview:large","max-video-preview":"max-video-preview:-1"},"canonical":"https:\/\/dezinsectiiprofesionale.ro\/index.php\/icb-pharma\/","og_locale":"en_US","og_type":"article","og_title":"Produse ICB Pharma - Dezinsectii Profesionale","og_description":"ICB PHARMA POLONIA &#8211; PARTENER SERVICII PUBLICEUna dintre cele mai inovatoare companii chimice europene ICB Pharma este o companie poloneza care se ocupa de protejarea oamenilor si animalelor impotriva amenintarilorContinue reading Produse ICB Pharma","og_url":"https:\/\/dezinsectiiprofesionale.ro\/index.php\/icb-pharma\/","og_site_name":"Dezinsectii Profesionale","article_modified_time":"2021-03-02T14:02:32+00:00","og_image":[{"url":"https:\/\/dezinsectiiprofesionale.ro\/wp-content\/uploads\/2021\/03\/icbpharma-office.jpg","type":"","width":"","height":""}],"twitter_card":"summary_large_image","twitter_misc":{"Est. reading time":"2 minutes"},"schema":{"@context":"https:\/\/schema.org","@graph":[{"@type":"WebPage","@id":"https:\/\/dezinsectiiprofesionale.ro\/index.php\/icb-pharma\/","url":"https:\/\/dezinsectiiprofesionale.ro\/index.php\/icb-pharma\/","name":"Produse ICB Pharma - Dezinsectii Profesionale","isPartOf":{"@id":"https:\/\/dezinsectiiprofesionale.ro\/#website"},"primaryImageOfPage":{"@id":"https:\/\/dezinsectiiprofesionale.ro\/index.php\/icb-pharma\/#primaryimage"},"image":{"@id":"https:\/\/dezinsectiiprofesionale.ro\/index.php\/icb-pharma\/#primaryimage"},"thumbnailUrl":"https:\/\/dezinsectiiprofesionale.ro\/wp-content\/uploads\/2021\/03\/icbpharma-office.jpg","datePublished":"2021-02-25T08:47:56+00:00","dateModified":"2021-03-02T14:02:32+00:00","breadcrumb":{"@id":"https:\/\/dezinsectiiprofesionale.ro\/index.php\/icb-pharma\/#breadcrumb"},"inLanguage":"en-US","potentialAction":[{"@type":"ReadAction","target":["https:\/\/dezinsectiiprofesionale.ro\/index.php\/icb-pharma\/"]}]},{"@type":"ImageObject","inLanguage":"en-US","@id":"https:\/\/dezinsectiiprofesionale.ro\/index.php\/icb-pharma\/#primaryimage","url":"https:\/\/dezinsectiiprofesionale.ro\/wp-content\/uploads\/2021\/03\/icbpharma-office.jpg","contentUrl":"https:\/\/dezinsectiiprofesionale.ro\/wp-content\/uploads\/2021\/03\/icbpharma-office.jpg","width":832,"height":359,"caption":"ICB Pharma HeadOffice"},{"@type":"BreadcrumbList","@id":"https:\/\/dezinsectiiprofesionale.ro\/index.php\/icb-pharma\/#breadcrumb","itemListElement":[{"@type":"ListItem","position":1,"name":"Home","item":"https:\/\/dezinsectiiprofesionale.ro\/"},{"@type":"ListItem","position":2,"name":"Produse ICB Pharma"}]},{"@type":"WebSite","@id":"https:\/\/dezinsectiiprofesionale.ro\/#website","url":"https:\/\/dezinsectiiprofesionale.ro\/","name":"Dezinsectii Profesionale","description":"Produse Profesionale - Servicii Profesionale","publisher":{"@id":"https:\/\/dezinsectiiprofesionale.ro\/#organization"},"potentialAction":[{"@type":"SearchAction","target":{"@type":"EntryPoint","urlTemplate":"https:\/\/dezinsectiiprofesionale.ro\/?s={search_term_string}"},"query-input":{"@type":"PropertyValueSpecification","valueRequired":true,"valueName":"search_term_string"}}],"inLanguage":"en-US"},{"@type":"Organization","@id":"https:\/\/dezinsectiiprofesionale.ro\/#organization","name":"Dezinsectii Profesionale","url":"https:\/\/dezinsectiiprofesionale.ro\/","logo":{"@type":"ImageObject","inLanguage":"en-US","@id":"https:\/\/dezinsectiiprofesionale.ro\/#\/schema\/logo\/image\/","url":"https:\/\/dezinsectiiprofesionale.ro\/wp-content\/uploads\/2021\/02\/sigla-sericii-publice.png","contentUrl":"https:\/\/dezinsectiiprofesionale.ro\/wp-content\/uploads\/2021\/02\/sigla-sericii-publice.png","caption":"Dezinsectii Profesionale"},"image":{"@id":"https:\/\/dezinsectiiprofesionale.ro\/#\/schema\/logo\/image\/"}}]}},"_links":{"self":[{"href":"https:\/\/dezinsectiiprofesionale.ro\/index.php\/wp-json\/wp\/v2\/pages\/1014","targetHints":{"allow":["GET"]}}],"collection":[{"href":"https:\/\/dezinsectiiprofesionale.ro\/index.php\/wp-json\/wp\/v2\/pages"}],"about":[{"href":"https:\/\/dezinsectiiprofesionale.ro\/index.php\/wp-json\/wp\/v2\/types\/page"}],"author":[{"embeddable":true,"href":"https:\/\/dezinsectiiprofesionale.ro\/index.php\/wp-json\/wp\/v2\/users\/1"}],"replies":[{"embeddable":true,"href":"https:\/\/dezinsectiiprofesionale.ro\/index.php\/wp-json\/wp\/v2\/comments?post=1014"}],"version-history":[{"count":56,"href":"https:\/\/dezinsectiiprofesionale.ro\/index.php\/wp-json\/wp\/v2\/pages\/1014\/revisions"}],"predecessor-version":[{"id":1422,"href":"https:\/\/dezinsectiiprofesionale.ro\/index.php\/wp-json\/wp\/v2\/pages\/1014\/revisions\/1422"}],"wp:attachment":[{"href":"https:\/\/dezinsectiiprofesionale.ro\/index.php\/wp-json\/wp\/v2\/media?parent=1014"}],"curies":[{"name":"wp","href":"https:\/\/api.w.org\/{rel}","templated":true}]}}